{"id":847,"date":"2020-11-27T05:24:09","date_gmt":"2020-11-27T05:24:09","guid":{"rendered":"https:\/\/dimensionesturisticas.amiturismo.org\/?post_type=portfolio&#038;p=847"},"modified":"2020-11-27T05:24:11","modified_gmt":"2020-11-27T05:24:11","slug":"estadisticas-movilizacion-social-y-turismo-el-conflicto-por-la-privatizacion-del-espacio-costero-en-la-ciudad-de-mar-del-plata-argentina","status":"publish","type":"portfolio","link":"https:\/\/dimensionesturisticas.amiturismo.org\/en\/portfolio-item\/estadisticas-movilizacion-social-y-turismo-el-conflicto-por-la-privatizacion-del-espacio-costero-en-la-ciudad-de-mar-del-plata-argentina","title":{"rendered":"Estad\u00edsticas > Movilizaci\u00f3n social y turismo: el conflicto por la privatizaci\u00f3n del espacio costero en la ciudad de Mar del Plata, Argentina"},"content":{"rendered":"\n<iframe loading=\"lazy\" width=\"1100\" height=\"900\" src=\"https:\/\/datastudio.google.com\/embed\/reporting\/8c565b04-b12e-4407-9dc3-fd89fae9cd2e\/page\/Gg3\" frameborder=\"0\" style=\"border:0\" allowfullscreen><\/iframe>\n","protected":false},"excerpt":{"rendered":"","protected":false},"author":1,"featured_media":0,"menu_order":0,"comment_status":"closed","ping_status":"closed","template":"","meta":[],"portfolio-types":[19],"acf":[],"_links":{"self":[{"href":"https:\/\/dimensionesturisticas.amiturismo.org\/en\/wp-json\/wp\/v2\/portfolio\/847"}],"collection":[{"href":"https:\/\/dimensionesturisticas.amiturismo.org\/en\/wp-json\/wp\/v2\/portfolio"}],"about":[{"href":"https:\/\/dimensionesturisticas.amiturismo.org\/en\/wp-json\/wp\/v2\/types\/portfolio"}],"author":[{"embeddable":true,"href":"https:\/\/dimensionesturisticas.amiturismo.org\/en\/wp-json\/wp\/v2\/users\/1"}],"replies":[{"embeddable":true,"href":"https:\/\/dimensionesturisticas.amiturismo.org\/en\/wp-json\/wp\/v2\/comments?post=847"}],"wp:attachment":[{"href":"https:\/\/dimensionesturisticas.amiturismo.org\/en\/wp-json\/wp\/v2\/media?parent=847"}],"wp:term":[{"taxonomy":"portfolio-types","embeddable":true,"href":"https:\/\/dimensionesturisticas.amiturismo.org\/en\/wp-json\/wp\/v2\/portfolio-types?post=847"}],"curies":[{"name":"wp","href":"https:\/\/api.w.org\/{rel}","templated":true}]}}

Estadísticas > Movilización social y turismo: el conflicto por la privatización del espacio costero en la ciudad de Mar del Plata, Argentina
