{"id":846,"date":"2020-11-27T05:12:00","date_gmt":"2020-11-27T05:12:00","guid":{"rendered":"https:\/\/dimensionesturisticas.amiturismo.org\/?post_type=portfolio&#038;p=846"},"modified":"2020-11-27T05:24:41","modified_gmt":"2020-11-27T05:24:41","slug":"estadisticas-etica-y-politica-en-la-investigacion-del-turismo","status":"publish","type":"portfolio","link":"https:\/\/dimensionesturisticas.amiturismo.org\/en\/portfolio-item\/estadisticas-etica-y-politica-en-la-investigacion-del-turismo","title":{"rendered":"Estad\u00edsticas > \u00c9tica y pol\u00edtica en la investigaci\u00f3n del turismo"},"content":{"rendered":"\n<iframe loading=\"lazy\" width=\"1100\" height=\"900\" src=\"https:\/\/datastudio.google.com\/embed\/reporting\/bbffbc37-f1e5-44e4-b4e2-b7ee1137933f\/page\/Gg3\" frameborder=\"0\" style=\"border:0\" allowfullscreen=\"\"><\/iframe>\n","protected":false},"excerpt":{"rendered":"","protected":false},"author":1,"featured_media":0,"menu_order":0,"comment_status":"closed","ping_status":"closed","template":"","meta":[],"portfolio-types":[19],"acf":[],"_links":{"self":[{"href":"https:\/\/dimensionesturisticas.amiturismo.org\/en\/wp-json\/wp\/v2\/portfolio\/846"}],"collection":[{"href":"https:\/\/dimensionesturisticas.amiturismo.org\/en\/wp-json\/wp\/v2\/portfolio"}],"about":[{"href":"https:\/\/dimensionesturisticas.amiturismo.org\/en\/wp-json\/wp\/v2\/types\/portfolio"}],"author":[{"embeddable":true,"href":"https:\/\/dimensionesturisticas.amiturismo.org\/en\/wp-json\/wp\/v2\/users\/1"}],"replies":[{"embeddable":true,"href":"https:\/\/dimensionesturisticas.amiturismo.org\/en\/wp-json\/wp\/v2\/comments?post=846"}],"wp:attachment":[{"href":"https:\/\/dimensionesturisticas.amiturismo.org\/en\/wp-json\/wp\/v2\/media?parent=846"}],"wp:term":[{"taxonomy":"portfolio-types","embeddable":true,"href":"https:\/\/dimensionesturisticas.amiturismo.org\/en\/wp-json\/wp\/v2\/portfolio-types?post=846"}],"curies":[{"name":"wp","href":"https:\/\/api.w.org\/{rel}","templated":true}]}}

Estadísticas > Ética y política en la investigación del turismo
