{"id":1438,"date":"2022-08-11T19:20:59","date_gmt":"2022-08-11T19:20:59","guid":{"rendered":"https:\/\/dimensionesturisticas.amiturismo.org\/?post_type=portfolio&#038;p=1438"},"modified":"2022-08-11T19:21:00","modified_gmt":"2022-08-11T19:21:00","slug":"estadisticas-la-geografia-emergente-del-turismo-a-lo-largo-de-una-linea-de-tren-ligero-en-guadalajara-un-analisis-cualitativo-comparado","status":"publish","type":"portfolio","link":"https:\/\/dimensionesturisticas.amiturismo.org\/en\/portfolio-item\/estadisticas-la-geografia-emergente-del-turismo-a-lo-largo-de-una-linea-de-tren-ligero-en-guadalajara-un-analisis-cualitativo-comparado","title":{"rendered":"Estad\u00edsticas > La geograf\u00eda emergente del turismo a lo largo de una L\u00ednea de Tren Ligero en Guadalajara: un an\u00e1lisis cualitativo comparado"},"content":{"rendered":"<p><iframe loading=\"lazy\" width=\"1100\" height=\"900\" src=\"https:\/\/datastudio.google.com\/embed\/reporting\/468aaaa5-0c63-4ab4-93f8-e0934ebe1551\/page\/Gg3\" frameborder=\"0\" style=\"border:0\" allowfullscreen><\/iframe><\/p>\n","protected":false},"excerpt":{"rendered":"","protected":false},"author":1,"featured_media":0,"menu_order":0,"comment_status":"closed","ping_status":"closed","template":"","meta":[],"portfolio-types":[35],"acf":[],"_links":{"self":[{"href":"https:\/\/dimensionesturisticas.amiturismo.org\/en\/wp-json\/wp\/v2\/portfolio\/1438"}],"collection":[{"href":"https:\/\/dimensionesturisticas.amiturismo.org\/en\/wp-json\/wp\/v2\/portfolio"}],"about":[{"href":"https:\/\/dimensionesturisticas.amiturismo.org\/en\/wp-json\/wp\/v2\/types\/portfolio"}],"author":[{"embeddable":true,"href":"https:\/\/dimensionesturisticas.amiturismo.org\/en\/wp-json\/wp\/v2\/users\/1"}],"replies":[{"embeddable":true,"href":"https:\/\/dimensionesturisticas.amiturismo.org\/en\/wp-json\/wp\/v2\/comments?post=1438"}],"wp:attachment":[{"href":"https:\/\/dimensionesturisticas.amiturismo.org\/en\/wp-json\/wp\/v2\/media?parent=1438"}],"wp:term":[{"taxonomy":"portfolio-types","embeddable":true,"href":"https:\/\/dimensionesturisticas.amiturismo.org\/en\/wp-json\/wp\/v2\/portfolio-types?post=1438"}],"curies":[{"name":"wp","href":"https:\/\/api.w.org\/{rel}","templated":true}]}}

Estadísticas > La geografía emergente del turismo a lo largo de una Línea de Tren Ligero en Guadalajara: un análisis cualitativo comparado
